t common divisor of 5183 and f?
71
Let s(p) = 20*p**3 - 1. Let b be s(-1). Let g = b - -48. Suppose m - 5*f = 201, -3*m - 5*f + 406 = -257. Calculate the greatest common divisor of g and m.
27
Let y = 215 + -217. Let a be (22/3)/(y + (-39)/(-18)). Calculate the greatest common factor of a and 22.
22
Let s = 2636 + -2621. Suppose 62*j - 67*j = -75. What is the greatest common divisor of s and j?
15
Suppose 2*n - 3*u - 108 = 0, 5*n + 12*u - 16*u = 291. What is the greatest common factor of n and 126?
63
Let r(n) = -3*n + 138. Let b be r(18). What is the greatest common factor of 1792 and b?
28
Let t(g) = -8*g + 67. Suppose 3*s + 23 = 5*v, v - 24 = -2*s - 9. Let u be t(v). Let a be 46/4 + 2/(-4). Calculate the greatest common factor of a and u.
11
Let w = -7547 - -7611. Calculate the highest common factor of w and 440.
8
Let y = -41 - -44. Suppose -2*l = 5*g + 23, -y*l + 3*g + 10 + 8 = 0. Calculate the highest common factor of 6 and l.
1
Let i(c) be the first derivative of c**2/2 + 43*c + 43. Let n be i(6). What is the greatest common divisor of n and 28?
7
Let d be 2 + -5*4/(-2). Let y(h) be the first derivative of -h**3/3 + 12*h - 31. Let j be y(0). What is the greatest common factor of d and j?
12
Let g(r) = -2*r + 50. Let y be g(7). Let n be 2*y*((-60)/8 + 9). Calculate the highest common factor of 24 and n.
12
Let v(r) = 2*r**3 + 3*r**2 + 4*r. Let k be v(3). Let t = 111 - k. Suppose 0*q - 108 = -3*q. What is the highest common divisor of q and t?
18
Let u(y) = 2*y**2 + y + 4. Let x be u(-8). Let f = -68694 - -68787. Calculate the greatest common divisor of f and x.
31
Let l(c) = -c**3 + 2*c**2 + 8*c + 5. Let a be l(-1). Suppose 5*v = a, 100 = -6*d + 11*d + 4*v. Calculate the highest common factor of d and 140.
20
Let z be 12 - ((-84132)/12 - -15). Calculate the greatest common factor of 48 and z.
48
Let j(g) = -4*g**2 - 200*g - 173. Let c be j(-49). Let i be 17 + 7 + 1/(-1). What is the highest common divisor of c and i?
23
Suppose 3*p - t - 2096 = 0, -4*p - 7*t + 2*t = -2763. Calculate the greatest common divisor of 123 and p.
41
Let m be 6 - (-127 - -2 - -2). Suppose 123*l = m*l - 870. What is the greatest common divisor of l and 58?
29
Suppose -916 = -4*o + 428. Suppose 14*w - o = 10*w. Suppose -4*y + 2*y = -420. Calculate the greatest common factor of w and y.
42
Suppose -197526 = 113*n - 720*n - 3893. What is the greatest common factor of 1711 and n?
29
Suppose 5*c - 870 = -0*c. Suppose 159*k - 449*k - 376*k + 7992 = 0. What is the greatest common divisor of c and k?
6
Let r(v) = v**2 - 3*v + 2. Let y be r(-3). Let c(a) = 5*a + 17. Let f be c(y). Suppose 4*j = f + 67. Calculate the greatest common factor of 23 and j.
23
Suppose 3*v - 32 - 61 = 3*u, -u - 46 = -4*v. Let j(s) = -710*s. Let y be j(-6). Let k be 36/234 - y/u. What is the greatest common factor of 41 and k?
41
Let t = -37 - -61. Let n be (-6)/t - ((-19)/(-4) - -1). Let v be (-290)/n*(0 - (-15)/5). Calculate the highest common divisor of v and 58.
29
Let g be 42/14*2/2 - -10. Suppose -4*o + k = -6*o, 3*o = 5*k + g. Suppose 3*l = -15, 0*c + 16 = 2*c - 2*l. What is the highest common factor of o and c?
1
Let z(u) = -512*u + 3112. Let c be z(-2). Calculate the greatest common divisor of 176 and c.
88
Let j be (-5373)/(-33) + 16/88. Let b = 273 - j. Calculate the greatest common factor of b and 44.
22
Suppose 18836 + 6053 - 7993 = 24*o. Calculate the greatest common divisor of 1540 and o.
44
Let r be (-4)/((-3)/(-1 + 7)). Let m(p) = -p**3 + 7*p**2 - 6*p + 6. Let l be m(6). Let y be 3/(l/80) + 4 + -4. Calculate the greatest common factor of y and r.
8
Suppose 312 = -16*v + 18*v. Suppose v*b = 157*b - 14. Calculate the greatest common factor of 77 and b.
7
Suppose 14*o + 480 = 17*o. Let f = -60 - -73. Suppose -2*c + 25 + f = 2*l, -c - 2*l + 18 = 0. Calculate the greatest common divisor of c and o.
20
Suppose 28 = 3*u + 13. Suppose 885 = u*p + 5*n, p = 4*p - 5*n - 555. Let c = -72 + p. Calculate the greatest common factor of c and 12.
12
Let w(t) = t + 7. Let h be w(-5). Let i be h/((-12)/14)*-12. Let o = -502 - -586. What is the highest common factor of o and i?
28
Suppose 441 + 7 = 2*q. Calculate the highest common divisor of 96 and q.
32
Suppose -5*u + 119 = c, 6*c = 3*u + 4*c - 74. Suppose 5*v = -4*p + 95, 5*p - 62 = -4*v + 50. Calculate the highest common factor of p and u.
4
Let j = 282 + -177. Suppose -15*k + 12*k + j = 0. Let u = 67 - -108. What is the highest common factor of k and u?
35
Suppose 2*t - 3*d + 6 = d, 0 = 4*t - 2*d + 18. Let v = t + 13. What is the greatest common factor of v and 8?
8
Let j = -18 - -18. Suppose j = 3*m - 20 - 277. Suppose -4*b + 38 = 2*t, -5*t + 158*b + 65 = 162*b. What is the highest common divisor of m and t?
9
Let w(v) = -v**2 + v + 86. Let h be w(-4). Calculate the highest common divisor of h and 48.
6
Suppose -8991 = -9*i + 14989 - 1615. What is the highest common factor of i and 70?
35
Let o be 40/((4/(-8))/1*2). Suppose 0 = -3*q + 158 + 7. Let n = o + q. Calculate the highest common factor of 60 and n.
15
Suppose 0 = -2*k + 4*v + 500, -5*k + 857 = 3*v - 367. Calculate the highest common factor of 66 and k.
6
Suppose 5*c - u = 8338, -3*u - 2 + 8 = 0. Let y be 8/44 + c/22. Calculate the greatest common factor of y and 19.
19
Suppose 42*p - 41*p + 25 = 0. Let c = p - -24. Let r(u) = 69*u**2 - u. Let h be r(c). Calculate the greatest common divisor of 28 and h.
14
Let p = 20960 + -7567. Calculate the greatest common divisor of p and 454.
227
Suppose t - 2 = 3*g, g + 3*t = -0*t - 14. Let f be 3/(15/(-640))*g. Calculate the highest common factor of f and 32.
32
Let z(d) = -d**3 - d**2 - 60*d - 151. Let f be z(-3). Let h be (-142 + 1)*(-48)/9. What is the greatest common divisor of h and f?
47
Suppose 50 - 10 = 20*j. Suppose 132 = j*h - 3*d, -4*d + 128 = 2*h - 32. What is the highest common factor of h and 27?
9
Let k be (-12068 - -4)/(-8) + 2. Let m = k - 1034. What is the greatest common factor of 28 and m?
28
Let l = 126 - 120. Suppose 3*q = -l*q + 162. Suppose -2*p = -0*p - 4. Calculate the highest common factor of q and p.
2
Let d be 2*(16/(-6))/(-10 - 87/(-9)). Let z be (-63401)/(-65) - (-1)/((-10)/(-6)). Calculate the highest common factor of d and z.
16
Let w be 30/9 - 3/((-36)/(-4)). Suppose f - 10*k + 12*k - 838 = 0, 5*k = -w*f + 2519. Calculate the highest common factor of 16 and f.
16
Let s = 95755 + -95744. Suppose -3*p = -10 - 5. What is the greatest common factor of s and p?
1
Let n(l) = 100*l**3 + l**2 + 2*l - 1. Suppose 1 = -2*i + 3. Let g be n(i). Calculate the greatest common divisor of 68 and g.
34
Suppose -5*g + i + 90 = -0*i, 5*g - 2*i - 90 = 0. What is the greatest common divisor of g and 7596?
18
Suppose -r = -6*r - 3*a + 176, 0 = -5*r - 2*a + 174. Let o be (66/(-44))/(((-228)/(-3230))/(4/(-5))). What is the greatest common divisor of o and r?
17
Let i be 33/(-22)*(-25 - 45). Let p(b) = -3*b**2 + 5*b + 3. Let y be p(-4). Let q = y - -100. What is the highest common divisor of q and i?
35
Let s be 449 - 11 - 72/4. What is the highest common divisor of s and 455?
35
Suppose 2*v + 568 = 3*j, 0 = -4*j + 5*v + 568 + 194. Suppose 0*o = -z + 2*o + 94, -2*z + 3*o = -j. Calculate the greatest common divisor of z and 2.
2
Suppose 5*a - q - 17 = 47, 3*a - 52 = 4*q. Let m(h) = h**2 - 3*h - 8. Let z be m(6). What is the highest common divisor of z and a?
2
Let s = -28241 - -28311. What is the greatest common divisor of 5754 and s?
14
Let c = -34 + 30. Let d(u) = -u + 1. Let p be d(c). Let l be 10/p + 0 - -3. What is the highest common divisor of l and 20?
5
Let y be (-2)/6 - 40/(-3). Let l = y + -7. Suppose -5 = -2*u + 7. Calculate the highest common factor of u and l.
6
Let s be ((-33)/12)/(-7 + (-13635)/(-1948)). Calculate the highest common factor of 22 and s.
11
Let k be (-1113)/(-12)*(33 - 29). What is the greatest common divisor of k and 35?
7
Let k(f) be the second derivative of 3*f**3 - 27*f**2 - 53*f. Let s be k(8). What is the highest common factor of s and 405?
45
Suppose -3*r + 293 = -t, -r - 87 = -2*r + 3*t. Let x = 109 - r. What is the greatest common divisor of x and 20?
10
Suppose 5*x - 94 = 96. Let q = -2 + x. Suppose q + 15 = 3*s. What is the greatest common factor of s and 153?
17
Let h(y) = 25*y + 239. Let n b